et y = -145 + d. Calculate the remainder when 95 is divided by y.
23
Let v be ((15/(-9))/(-1))/(1/42). Suppose -d = d - v. Suppose 285 = d*m - 32*m. What is the remainder when m is divided by 25?
20
Let q be -108*(40/(-8) + (2 - 7)). Suppose 0*h = -54*h + q. Suppose 5*j + 4*o - 120 = 138, -j + 4*o = -66. What is the remainder when j is divided by h?
14
Suppose 4793 - 1175 = 301*h - 596. What is the remainder when (268/(-4)*1)/(-1) is divided by h?
11
Suppose 5*z = 2*z + 120. Suppose -8*f + 7*f + 114 = 5*h, 0 = f - 4*h - 114. What is the remainder when f is divided by z?
34
Let v = 74 + -51. Suppose -2*b - 4*s - 69 = -3*b, 4*s - 465 = -5*b. What is the remainder when b is divided by v?
20
What is the remainder when ((-620)/(-248))/(((-70)/856)/(-7)) is divided by 50/8 + (-3)/12?
4
Let w = 1380 + -1142. What is the remainder when w is divided by 71?
25
Let u = -3157 + 3224. Calculate the remainder when 87 is divided by u.
20
Suppose 0 = 2*f - 4*z - 1010, 3*f - 5*z = 4*f - 512. Let s = -377 + f. Calculate the remainder when s is divided by 35.
25
Let g be 27/(-2)*(-10)/15. Suppose 290 - 767 = -g*h. Let f(n) = 4*n - 2. What is the remainder when h is divided by f(5)?
17
Let i(p) = -5*p**2 + 96*p + 8. Suppose -10*j = -9*j - 15. Calculate the remainder when i(j) is divided by 54.
53
Let a = -96 - -96. Suppose -3*q + 283 = 2*t - 0*t, a = -3*t - 12. Calculate the remainder when q is divided by 11.
9
Suppose 3*c - 83 = -5*x, -70*c + 60*c = -4*x - 194. Let i(v) = 3*v - 4 + v**2 + 1 + 4. What is the remainder when c is divided by i(-5)?
10
Suppose -d + 24 + 25 + 18 = 0. Let a = 21 - 44. Let u = a + 58. What is the remainder when d is divided by u?
32
Let t = -5133 + 5173. What is the remainder when 1118 is divided by t?
38
Let x(g) = -4*g**3 - 2*g**2 - g. Let k(i) = 4*i**2 + 17*i + 4. Let f be k(-8). Let p = 136 - f. What is the remainder when x(-2) is divided by p?
2
Let y be (-1)/(-5) + (-7)/(-175)*95. Suppose 0 = -2*b - 4*t + 98 + 556, y*t + 1320 = 4*b. Calculate the remainder when b is divided by 11.
10
Suppose -42 = -g + 24. Suppose g = -10*p + 486. What is the remainder when p is divided by 16?
10
Let y = -260 - -194. Let c = 77 + y. Calculate the remainder when 62 is divided by c.
7
Let p(o) be the second derivative of 1/12*o**4 + 0*o**3 + 23*o + 0 + 3*o**2. What is the remainder when 59 is divided by p(3)?
14
Suppose 0 = 4*q - 88 + 80. What is the remainder when 152 is divided by (-322)/(-12)*q + 2/(-3)?
46
Let u = 1638 - 330. What is the remainder when u is divided by 131?
129
Let a(j) = 17*j + 456. Calculate the remainder when 300 is divided by a(-25).
21
Suppose -280*a = -1626 - 614. Suppose 5*g = 2*g + 207. What is the remainder when g is divided by a?
5
Suppose 0 = -2*i - 25 + 199. What is the remainder when (i/(-2))/(36/(-8) + 4) is divided by 15?
12
Suppose -4*s - 20415 = -4*v + 2493, 0 = v + 4*s - 5752. Calculate the remainder when v/36 + (-8)/36 is divided by 32.
31
Let h be 0 + 11/13 + 12/78. Calculate the remainder when (3 + (-21)/6)*(h - 39) is divided by 6.
1
Suppose -5*d + 365 = -4*m + 2*m, -4*d + 294 = -2*m. What is the remainder when 64 is divided by -1*-1*(d + -3)/4?
13
Let w be 10/4 + -3 + 348/8. Let f = 55 - w. Suppose 3*d + 3*t + 2*t - 371 = 0, -2*t = -8. Calculate the remainder when d is divided by f.
9
Let g = 1778 - 1775. Suppose 3*m = 5*z - 5, -4*z + 23 = 5*m - 18. Calculate the remainder when z is divided by g.
1
Let h(x) = 33*x**2 + 970*x - 4855. Calculate the remainder when h(5) is divided by 206.
202
Let h = 18444 + -10196. What is the remainder when h is divided by 63?
58
Suppose -4*z + 47 + 37 = 0. What is the remainder when 1 + z + -2 + 2 is divided by ((-58)/(-26) + -2)/((-222)/(-8658))?
4
Let d = 12 + 0. Calculate the remainder when 8/d + (-1124)/(-6) is divided by 27.
26
Let y(r) = -8*r + 22. Let t be y(8). Let f = 62 + t. Let b(q) = 4*q**2 + q - 3. Calculate the remainder when b(-4) is divided by f.
17
What is the remainder when 26 is divided by ((-6)/4)/(6/50)*(-156)/130?
11
Suppose h - 24 = 4*h. Let g(i) = i**3 + 8*i**2 - 11*i - 16. Calculate the remainder when g(h) is divided by 2 + (-38)/10*(-4 - 1).
9
Suppose -196 + 129 = -138*y + 485. Calculate the remainder when 96 is divided by y.
0
Suppose 4*q + 21*f - 22*f = 645, 158 = q + 3*f. Calculate the remainder when 613 is divided by q.
130
Suppose -313 = -70*c + 69*c. Calculate the remainder when c is divided by 4.
1
Let y(t) = t**3 - 11*t**2 + 20*t - 14. Let v be y(9). Calculate the remainder when 276 is divided by ((-4)/v)/((-39)/(-40) + -1).
36
Suppose -5*h - 6 = -6*h - r, 7 = h + 2*r. Suppose 3*u = u - h*j + 114, -5*u = -5*j - 250. What is the remainder when 152 is divided by u?
48
Let r(h) = -116*h**3 + h**2 + 5*h + 8. Let a be r(-2). Suppose -18*y = -942 - a. What is the remainder when y is divided by 32?
8
Calculate the remainder when -394*((-12)/(-2) + 46/(-4)) is divided by 9.
7
Let x(r) = -2*r**2 - 16*r + 4. Let q be x(-4). Suppose 33*c = q*c - 234. What is the remainder when 243 is divided by c?
9
Suppose 2*g + 260 = 4*j - 988, 0 = -4*j - 3*g + 1228. Suppose -2*s + 88 + 13 = w, j = 3*w - s. Calculate the remainder when w is divided by 26.
25
Let f = -26 - -49. Let d(z) be the third derivative of z**5/20 + 13*z**4/24 + 3*z**3 - 3*z**2 + 9. What is the remainder when f is divided by d(-4)?
9
Let j = 7638 + -7542. Calculate the remainder when 679 is divided by j.
7
Let t(c) be the first derivative of -11*c**2/2 + 5. Let g(x) = -x. Let p(q) = 10*g(q) - 2*t(q). Calculate the remainder when p(9) is divided by 56.
52
Let k = 2419 - 2259. What is the remainder when 205 is divided by k?
45
Suppose -4*v = -5*s - 96, 3*v - s - 33 - 28 = 0. Suppose -1436 = 9*w - 13*w. Suppose w = 3*o - 94. What is the remainder when o is divided by v?
18
Suppose -108*k + 92*k = 80. Let h(t) = -t**2 - 9*t - 14. What is the remainder when h(k) is divided by 2?
0
Suppose -80*g + 82*g - 622 = 2*f, g + 3*f = 287. Calculate the remainder when g is divided by 82.
59
Suppose -14*c - 933 = -15*c + j, -5*c + 4661 = -j. What is the remainder when c is divided by 104?
100
Let i(a) = -3*a + 15. Let q be i(-5). Suppose -10*s + 180 = q. Suppose -21 = -6*u + 3*u - 2*r, -5*u = r - 42. What is the remainder when s is divided by u?
6
Suppose 0 = -8*z - 3*n - n + 26716, 5*z - 2*n = 16702. What is the remainder when z is divided by 19?
15
Suppose 0 = -5*z - d + 2, 5*z + 5*d - 10 = -0*z. Suppose -3*r + 3*h + 156 = z, -r + 67 = 57*h - 53*h. What is the remainder when 97 is divided by r?
42
Let a(w) = 3*w**2 + 70*w + 598. Calculate the remainder when 440 is divided by a(-11).
58
Let k = -7573 + 8325. What is the remainder when k is divided by 189?
185
Let q = 4476 + -4437. What is the remainder when 1909 is divided by q?
37
Let j = -4268 - -4358. What is the remainder when j is divided by 30?
0
Suppose -6 = -3*l, l + 64 = -0*p + 3*p. What is the remainder when 13 - (-1012)/(-77) - 1557/(-21) is divided by p?
8
Let h(f) = -f**3 - 4*f**2 + 9*f - 6. Let u be h(-6). Let x(o) = 3*o - 30. Let r be x(u). What is the remainder when 58 is divided by (5*-1)/((-26)/r + 4)?
13
Let s = -9703 + 16058. Suppose u = -2*h + 1282, 0*u + 5*u - h = s. Calculate the remainder when u is divided by 17.
14
Let z be (-30)/24 + (-825)/(-4). Suppose -2*b + 4*m + 123 + z = 0, 483 = 3*b + 3*m. What is the remainder when b is divided by 24?
18
Let y = -757 + 322. Let h = 636 + y. What is the remainder when h is divided by (-3)/(-10) + (-1521)/(-30)?
48
What is the remainder when 616 is divided by 17/(-748)*4 - (-2685)/11?
128
Suppose 116*t - 7814 - 25239 - 11027 = 0. What is the remainder when t is divided by 59?
26
What is the remainder when 69 is divided by 623/(-445)*25*-1?
34
Let z = -12 - -21. Suppose 24*f = 17*f + 294. Calculate the remainder when f is divided by z.
6
Let o(m) be the third derivative of 4*m**5/15 + m**4/12 - 5*m**3/6 + 59*m**2. Calculate the remainder when o(3) is divided by 50.
45
Let w be 9*(29/(-3) - 1). Let t = -49 - w. Let p = 178 + -165. Calculate the remainder when t is divided by p.
8
Suppose 4*w - t = -51, 57 = -4*w - 4*t - t. Let v(r) = 2*r + 57. What is the remainder when 153 is divided by v(w)?
29
Suppose 576 = 27*g + 6*g + 15. What is the remainder when 2426 is divided by g?
12
Let y(v) = v**